{"id":2116,"date":"2019-09-05T08:05:41","date_gmt":"2019-09-05T06:05:41","guid":{"rendered":"http:\/\/site.ginex.es\/?page_id=2116"},"modified":"2019-09-09T15:53:51","modified_gmt":"2019-09-09T13:53:51","slug":"cirugia_mama","status":"publish","type":"page","link":"https:\/\/site.ginex.es\/index.php\/inicio\/departments\/cirugia_mama\/","title":{"rendered":"cirugia_mama"},"content":{"rendered":"<div id='ginecologia' class='av-layout-grid-container entry-content-wrapper main_color av-flex-cells   av-small-hide av-mini-hide   avia-builder-el-0  el_before_av_layout_row  avia-builder-el-first   av-cell-min-height av-cell-min-height-50 container_wrap fullsize' style=' '   data-av_minimum_height_pc='50'>\n<div class=\"flex_cell no_margin av_one_half  avia-builder-el-1  el_before_av_cell_one_half  avia-builder-el-first    avia-full-stretch \" style='background:url(https:\/\/site.ginex.es\/wp-content\/uploads\/2019\/09\/especialidades2-1.jpg) top left no-repeat scroll #22689e; vertical-align:middle; padding:0px 80px 0px 80px ; background-color:#22689e; '><div class='flex_cell_inner' ><\/div><\/div><div class=\"flex_cell no_margin av_one_half  avia-builder-el-2  el_after_av_cell_one_half  avia-builder-el-last    avia-full-stretch \" style='background: #22689e; vertical-align:middle; padding:0px 0px 0px 80px ; background-color:#22689e; '><div class='flex_cell_inner' ><p><div style='padding-bottom:25px; color:#ffffff;font-size:34px;' class='av-special-heading av-special-heading-h3 custom-color-heading blockquote modern-quote  avia-builder-el-3  el_before_av_one_fourth  avia-builder-el-first   av-inherit-size '><h3 class='av-special-heading-tag '  itemprop=\"headline\"  >ESPECIALIDADES<\/h3><div class='special-heading-border'><div class='special-heading-inner-border' style='border-color:#ffffff'><\/div><\/div><\/div><br \/>\n<div class=\"flex_column av_one_fourth  flex_column_div av-zero-column-padding first  avia-builder-el-4  el_after_av_heading  el_before_av_one_fourth  \" style='border-radius:0px; '><div class='avia-button-wrap avia-button-center  avia-builder-el-5  avia-builder-el-no-sibling  '><a href='https:\/\/site.ginex.es\/index.php\/inicio\/departments\/'  class='avia-button   avia-icon_select-no avia-color-light avia-size-medium avia-position-center '   ><span class='avia_iconbox_title' >Servicio de Ginecolog\u00eda<\/span><\/a><\/div><\/div><div class=\"flex_column av_one_fourth  flex_column_div av-zero-column-padding   avia-builder-el-6  el_after_av_one_fourth  el_before_av_one_fourth  \" style='border-radius:0px; '><div class='avia-button-wrap avia-button-center  avia-builder-el-7  avia-builder-el-no-sibling  '><a href='https:\/\/site.ginex.es\/index.php\/inicio\/departments\/cirugia_endoscopica\/'  class='avia-button   avia-icon_select-no avia-color-light avia-size-medium avia-position-center '   ><span class='avia_iconbox_title' >Cirug\u00eda Endosc\u00f3pica<\/span><\/a><\/div><\/div><div class=\"flex_column av_one_fourth  flex_column_div av-zero-column-padding   avia-builder-el-8  el_after_av_one_fourth  el_before_av_one_fourth  \" style='border-radius:0px; '><div class='avia-button-wrap avia-button-center  avia-builder-el-9  avia-builder-el-no-sibling  '><a href='https:\/\/site.ginex.es\/index.php\/inicio\/departments\/control_embarazo\/'  class='avia-button   avia-icon_select-no avia-color-light avia-size-medium avia-position-center '   ><span class='avia_iconbox_title' >Control de Embarazo<\/span><\/a><\/div><\/div><div class=\"flex_column av_one_fourth  flex_column_div av-zero-column-padding   avia-builder-el-10  el_after_av_one_fourth  el_before_av_one_fourth  \" style='border-radius:0px; '><\/div><div class=\"flex_column av_one_fourth  flex_column_div av-zero-column-padding first  avia-builder-el-11  el_after_av_one_fourth  el_before_av_one_fourth  column-top-margin\" style='border-radius:0px; '><div class='avia-button-wrap avia-button-center  avia-builder-el-12  avia-builder-el-no-sibling  '><a href='https:\/\/site.ginex.es\/index.php\/inicio\/departments\/cirugia_mama\/'  class='avia-button   avia-icon_select-no avia-color-light avia-size-medium avia-position-center '   ><span class='avia_iconbox_title' >Cirug\u00eda de Mama<\/span><\/a><\/div><\/div><div class=\"flex_column av_one_fourth  flex_column_div av-zero-column-padding   avia-builder-el-13  el_after_av_one_fourth  el_before_av_one_fourth  column-top-margin\" style='border-radius:0px; '><div class='avia-button-wrap avia-button-center  avia-builder-el-14  avia-builder-el-no-sibling  '><a href='https:\/\/site.ginex.es\/index.php\/inicio\/departments\/visita_oncologica\/'  class='avia-button   avia-icon_select-no avia-color-light avia-size-medium avia-position-center '   ><span class='avia_iconbox_title' >Unidad Oncolog\u00eda<\/span><\/a><\/div><\/div><div class=\"flex_column av_one_fourth  flex_column_div av-zero-column-padding   avia-builder-el-15  el_after_av_one_fourth  el_before_av_one_fourth  column-top-margin\" style='border-radius:0px; '><div class='avia-button-wrap avia-button-center  avia-builder-el-16  avia-builder-el-no-sibling  '><a href='https:\/\/site.ginex.es\/index.php\/inicio\/departments\/otros_servicios\/'  class='avia-button   avia-icon_select-no avia-color-light avia-size-medium avia-position-center '   ><span class='avia_iconbox_title' >Otros Servicios<\/span><\/a><\/div><\/div><div class=\"flex_column av_one_fourth  flex_column_div av-zero-column-padding   avia-builder-el-17  el_after_av_one_fourth  avia-builder-el-last  column-top-margin\" style='border-radius:0px; '><\/div><\/p>\n<\/div><\/div>\n<\/div>\n<div id='ginecologia' class='av-layout-grid-container entry-content-wrapper main_color av-fixed-cells   av-desktop-hide av-medium-hide   avia-builder-el-18  el_after_av_layout_row  el_before_av_section   av-cell-min-height av-cell-min-height-50 submenu-not-first container_wrap fullsize' style=' '   data-av_minimum_height_pc='50'>\n<div class=\"flex_cell no_margin av_one_third  avia-builder-el-19  el_before_av_cell_two_third  avia-builder-el-first    avia-full-stretch \" style='background:url(https:\/\/site.ginex.es\/wp-content\/uploads\/2019\/09\/especialidades3.jpg) top right no-repeat scroll #22689e; vertical-align:middle; padding:0px 80px 0px 80px ; background-color:#22689e; '><div class='flex_cell_inner' ><\/div><\/div><div class=\"flex_cell no_margin av_two_third  avia-builder-el-20  el_after_av_cell_one_third  avia-builder-el-last    avia-full-stretch \" style='background: #22689e; vertical-align:bottom; padding:0px 0px 0px 15px ; background-color:#22689e; '><div class='flex_cell_inner' ><p><div style='padding-bottom:15px; margin:20% 0 0 0; color:#ffffff;font-size:34px;' class='av-special-heading av-special-heading-h2 custom-color-heading blockquote modern-quote  avia-builder-el-21  el_before_av_four_fifth  avia-builder-el-first   av-inherit-size '><h2 class='av-special-heading-tag '  itemprop=\"headline\"  >ESPECIALIDADES<\/h2><div class='special-heading-border'><div class='special-heading-inner-border' style='border-color:#ffffff'><\/div><\/div><\/div><br \/>\n<div class=\"flex_column av_four_fifth  flex_column_div av-zero-column-padding first  avia-builder-el-22  el_after_av_heading  avia-builder-el-last  \" style='border-radius:0px; '><section class=\"av_textblock_section \"  itemscope=\"itemscope\" itemtype=\"https:\/\/schema.org\/CreativeWork\" ><div class='avia_textblock  '   itemprop=\"text\" ><p><span style=\"color: #ffffff;\">Servicio de <\/span><a href=\"http:\/\/site.ginex.es\/index.php\/inicio\/departments\/\"><span style=\"color: #ffffff;\">Ginecolog\u00eda<\/span><\/a><br \/>\n<span style=\"color: #ffffff;\"> <a style=\"color: #ffffff;\" href=\"http:\/\/site.ginex.es\/index.php\/inicio\/departments\/cirugia_endoscopica\/\">Cirug\u00eda Endosc\u00f3pica<\/a><\/span><br \/>\n<a href=\"http:\/\/site.ginex.es\/index.php\/inicio\/departments\/control_embarazo\/\"><span style=\"color: #ffffff;\"> Control de Embarazo<\/span><\/a><br \/>\n<span style=\"color: #ffffff;\"> <a style=\"color: #ffffff;\" href=\"http:\/\/site.ginex.es\/index.php\/inicio\/departments\/cirugia_mama\/\">Cirug\u00eda de Mama<\/a><\/span><br \/>\n<a href=\"http:\/\/site.ginex.es\/index.php\/inicio\/departments\/visita_oncologica\/\"><span style=\"color: #ffffff;\"> Unidad Oncolog\u00eda<\/span><\/a><br \/>\n<a href=\"http:\/\/site.ginex.es\/index.php\/inicio\/departments\/otros_servicios\/\"><span style=\"color: #ffffff;\"> Otros Servicios<\/span><\/a><\/p>\n<\/div><\/section><\/div><\/p>\n<\/div><\/div><\/div><div id='av_section_1' class='avia-section main_color avia-section-huge avia-no-border-styling avia-bg-style-scroll  avia-builder-el-24  el_after_av_layout_row  avia-builder-el-last    container_wrap fullsize' style=' margin-top:-50px; '  ><div class='container' ><div class='template-page content  av-content-full alpha units'><div class='post-entry post-entry-type-page post-entry-2116'><div class='entry-content-wrapper clearfix'>\n<div style='padding-bottom:30px; margin-bottom:0; ' class='av-special-heading av-special-heading-h2    avia-builder-el-25  el_before_av_one_full  avia-builder-el-first   '><h2 class='av-special-heading-tag '  itemprop=\"headline\"  >Cirug\u00eda de mama<\/h2><div class='special-heading-border'><div class='special-heading-inner-border' ><\/div><\/div><\/div>\n<div class=\"flex_column av_one_full  av-animated-generic bottom-to-top  flex_column_div av-zero-column-padding first  avia-builder-el-26  el_after_av_heading  el_before_av_button   \" style='border-radius:0px; '><div class='avia-icon-list-container   avia-builder-el-27  avia-builder-el-no-sibling  '><ul class='avia-icon-list avia-icon-list-left av-iconlist-big avia_animate_when_almost_visible avia-iconlist-animate'>\n<li><div  class='iconlist_icon  avia-font-entypo-fontello'><span class='iconlist-char ' aria-hidden='true' data-av_icon='\ue811' data-av_iconfont='entypo-fontello'><\/span><\/div><article class=\"article-icon-entry \"  itemscope=\"itemscope\" itemtype=\"https:\/\/schema.org\/CreativeWork\" ><div class='iconlist_content_wrap'><header class=\"entry-content-header\"><h4 class='av_iconlist_title iconlist_title  '  itemprop=\"headline\"  >Patolog\u00eda Benigna<\/h4><\/header><div class='iconlist_content  '  itemprop=\"text\"  ><p><img loading=\"lazy\" class=\"size-medium wp-image-1950 alignright\" src=\"http:\/\/site.ginex.es\/wp-content\/uploads\/2019\/09\/Benigna-mama-300x164.jpeg\" alt=\"\" width=\"300\" height=\"164\" srcset=\"https:\/\/site.ginex.es\/wp-content\/uploads\/2019\/09\/Benigna-mama-300x164.jpeg 300w, https:\/\/site.ginex.es\/wp-content\/uploads\/2019\/09\/Benigna-mama.jpeg 304w\" sizes=\"(max-width: 300px) 100vw, 300px\" \/>Las <strong>enfermedades benignas de la mama<\/strong> suponen un amplio abanico de situaciones cl\u00ednicas que pueden causar dolor en la mama, tumoraci\u00f3n palpable o secreci\u00f3n por el pez\u00f3n.<\/p>\n<p>La causa m\u00e1s frecuente de nodularidad y dolor en la mama es la alteraci\u00f3n fibroqu\u00edstica de la misma, lo que ocurre aproximadamente en el 60% de las mujeres premenop\u00e1usicas.<\/p>\n<p>Las hormonas regulan el crecimiento de esta gl\u00e1ndula, su maduraci\u00f3n y diferenciaci\u00f3n tisular por lo que pueden influir en el desarrollo de enfermedades benignas.<\/p>\n<\/div><\/div><footer class=\"entry-footer\"><\/footer><\/article><div class='iconlist-timeline'><\/div><\/li>\n<li><div  class='iconlist_icon  avia-font-entypo-fontello'><span class='iconlist-char ' aria-hidden='true' data-av_icon='\ue811' data-av_iconfont='entypo-fontello'><\/span><\/div><article class=\"article-icon-entry \"  itemscope=\"itemscope\" itemtype=\"https:\/\/schema.org\/CreativeWork\" ><div class='iconlist_content_wrap'><header class=\"entry-content-header\"><h4 class='av_iconlist_title iconlist_title  '  itemprop=\"headline\"  >Patolog\u00eda Maligna<\/h4><\/header><div class='iconlist_content  '  itemprop=\"text\"  ><p class=\"font_7\" style=\"text-align: left;\"><img loading=\"lazy\" class=\"size-medium wp-image-1949 alignright\" src=\"http:\/\/site.ginex.es\/wp-content\/uploads\/2019\/09\/mamografia-maligna-300x161.jpg\" alt=\"\" width=\"300\" height=\"161\" srcset=\"https:\/\/site.ginex.es\/wp-content\/uploads\/2019\/09\/mamografia-maligna-300x161.jpg 300w, https:\/\/site.ginex.es\/wp-content\/uploads\/2019\/09\/mamografia-maligna-450x241.jpg 450w, https:\/\/site.ginex.es\/wp-content\/uploads\/2019\/09\/mamografia-maligna.jpg 560w\" sizes=\"(max-width: 300px) 100vw, 300px\" \/>Actualmente la mama es uno de las zonas anat\u00f3micas que m\u00e1s atenci\u00f3n requiere debido a la gran cantidad de enfermedades que en ella pueden aparecer.<\/p>\n<p>Se realiza gran seguimiento por la alta incidencia de <strong>patolog\u00edas malignas<\/strong> en nuestro medio, enfermedades que si son diagnosticadas a tiempo tienen un pron\u00f3stico excelente.<\/p>\n<p class=\"font_7\">Es muy importante que todas las mujeres est\u00e9n familiarizadas con la exploraci\u00f3n\u00a0de la\u00a0mama normal.<\/p>\n<p class=\"font_7\">Por ello, una vez finalizado el desarrollo puberal, deben <span class=\"color_18\">aprender a autoexplorarse<\/span> con frecuencia, por si alguna vez aprecian alg\u00fan cambio, consulten\u00a0r\u00e1pidamente con su ginec\u00f3logo.<\/p>\n<\/div><\/div><footer class=\"entry-footer\"><\/footer><\/article><div class='iconlist-timeline'><\/div><\/li>\n<li><div  class='iconlist_icon  avia-font-entypo-fontello'><span class='iconlist-char ' aria-hidden='true' data-av_icon='\ue811' data-av_iconfont='entypo-fontello'><\/span><\/div><article class=\"article-icon-entry \"  itemscope=\"itemscope\" itemtype=\"https:\/\/schema.org\/CreativeWork\" ><div class='iconlist_content_wrap'><header class=\"entry-content-header\"><h4 class='av_iconlist_title iconlist_title  '  itemprop=\"headline\"  >Medicina nuclear<\/h4><\/header><div class='iconlist_content  '  itemprop=\"text\"  ><p><img loading=\"lazy\" class=\"size-medium wp-image-1948 alignright\" src=\"http:\/\/site.ginex.es\/wp-content\/uploads\/2019\/09\/Medicina_Nuclear-300x180.jpg\" alt=\"\" width=\"300\" height=\"180\" srcset=\"https:\/\/site.ginex.es\/wp-content\/uploads\/2019\/09\/Medicina_Nuclear-300x180.jpg 300w, https:\/\/site.ginex.es\/wp-content\/uploads\/2019\/09\/Medicina_Nuclear.jpg 333w\" sizes=\"(max-width: 300px) 100vw, 300px\" \/>La\u00a0<strong>medicina nuclear<\/strong>\u00a0es una especialidad de la medicina\u00a0actual.<\/p>\n<p>En\u00a0medicina nuclear\u00a0se utilizan radiotrazadores o radiof\u00e1rmacos, que est\u00e1n formados por un f\u00e1rmaco transportador y un is\u00f3topo radiactivo. Estos radiof\u00e1rmacos se aplican dentro del organismo humano por diversas v\u00edas (la m\u00e1s utilizada es la v\u00eda intravenosa).<\/p>\n<p>Las t\u00e9cnicas de diagnostico, est\u00e1n basadas el los trazadores o radiof\u00e1rmacos, que son substancias que introducidas en el organismo, permiten su seguimiento desde el exterior. El trazador se fija en el \u00f3rgano (cerebro, tiroides, coraz\u00f3n, etc.) o sistema determinado (\u00f3seo, linf\u00e1tico, etc.) para el que ha sido producido, Con la gammac\u00e1mara, se obtienen im\u00e1genes morfofuncionales y funcionales.<\/p>\n<\/div><\/div><footer class=\"entry-footer\"><\/footer><\/article><div class='iconlist-timeline'><\/div><\/li>\n<\/ul><\/div><\/div><div class='avia-button-wrap avia-button-center  avia-builder-el-28  el_after_av_one_full  avia-builder-el-last  '><a href='https:\/\/site.ginex.es\/index.php\/inicio\/cita-online\/'  class='avia-button   avia-icon_select-no avia-color-theme-color-highlight avia-size-medium avia-position-center '   ><span class='avia_iconbox_title' >Pide Cita<\/span><\/a><\/div>\n<\/p>\n","protected":false},"excerpt":{"rendered":"","protected":false},"author":2,"featured_media":0,"parent":961,"menu_order":0,"comment_status":"closed","ping_status":"closed","template":"","meta":{"spay_email":""},"yoast_head":"<!-- This site is optimized with the Yoast SEO plugin v17.5 - https:\/\/yoast.com\/wordpress\/plugins\/seo\/ -->\n<title>cirugia_mama - GRUPO GINEX - Ginex Instituto Salamero<\/title>\n<meta name=\"robots\" content=\"index, follow, max-snippet:-1, max-image-preview:large, max-video-preview:-1\" \/>\n<link rel=\"canonical\" href=\"https:\/\/site.ginex.es\/index.php\/inicio\/departments\/cirugia_mama\/\" \/>\n<meta property=\"og:locale\" content=\"es_ES\" \/>\n<meta property=\"og:type\" content=\"article\" \/>\n<meta property=\"og:title\" content=\"cirugia_mama - GRUPO GINEX - Ginex Instituto Salamero\" \/>\n<meta property=\"og:url\" content=\"https:\/\/site.ginex.es\/index.php\/inicio\/departments\/cirugia_mama\/\" \/>\n<meta property=\"og:site_name\" content=\"GRUPO GINEX - Ginex Instituto Salamero\" \/>\n<meta property=\"article:modified_time\" content=\"2019-09-09T13:53:51+00:00\" \/>\n<meta property=\"og:image\" content=\"http:\/\/site.ginex.es\/wp-content\/uploads\/2019\/09\/Benigna-mama-300x164.jpeg\" \/>\n<meta name=\"twitter:card\" content=\"summary_large_image\" \/>\n<meta name=\"twitter:label1\" content=\"Tiempo de lectura\" \/>\n\t<meta name=\"twitter:data1\" content=\"14 minutos\" \/>\n<script type=\"application\/ld+json\" class=\"yoast-schema-graph\">{\"@context\":\"https:\/\/schema.org\",\"@graph\":[{\"@type\":\"Organization\",\"@id\":\"https:\/\/site.ginex.es\/#organization\",\"name\":\"Grupo Ginex Centro de Ginecolog\\u00eda y Obstetricia\",\"url\":\"https:\/\/site.ginex.es\/\",\"sameAs\":[],\"logo\":{\"@type\":\"ImageObject\",\"@id\":\"https:\/\/site.ginex.es\/#logo\",\"inLanguage\":\"es\",\"url\":\"http:\/\/site.ginex.es\/wp-content\/uploads\/2019\/08\/grup_ginex_logo_1.png\",\"contentUrl\":\"http:\/\/site.ginex.es\/wp-content\/uploads\/2019\/08\/grup_ginex_logo_1.png\",\"width\":600,\"height\":600,\"caption\":\"Grupo Ginex Centro de Ginecolog\\u00eda y Obstetricia\"},\"image\":{\"@id\":\"https:\/\/site.ginex.es\/#logo\"}},{\"@type\":\"WebSite\",\"@id\":\"https:\/\/site.ginex.es\/#website\",\"url\":\"https:\/\/site.ginex.es\/\",\"name\":\"GRUPO GINEX - Ginex Instituto Salamero\",\"description\":\"Tu centro ginecol\\u00f3gico en Barcelona\",\"publisher\":{\"@id\":\"https:\/\/site.ginex.es\/#organization\"},\"potentialAction\":[{\"@type\":\"SearchAction\",\"target\":{\"@type\":\"EntryPoint\",\"urlTemplate\":\"https:\/\/site.ginex.es\/?s={search_term_string}\"},\"query-input\":\"required name=search_term_string\"}],\"inLanguage\":\"es\"},{\"@type\":\"ImageObject\",\"@id\":\"https:\/\/site.ginex.es\/index.php\/inicio\/departments\/cirugia_mama\/#primaryimage\",\"inLanguage\":\"es\",\"url\":\"http:\/\/site.ginex.es\/wp-content\/uploads\/2019\/09\/Benigna-mama-300x164.jpeg\",\"contentUrl\":\"http:\/\/site.ginex.es\/wp-content\/uploads\/2019\/09\/Benigna-mama-300x164.jpeg\"},{\"@type\":\"WebPage\",\"@id\":\"https:\/\/site.ginex.es\/index.php\/inicio\/departments\/cirugia_mama\/#webpage\",\"url\":\"https:\/\/site.ginex.es\/index.php\/inicio\/departments\/cirugia_mama\/\",\"name\":\"cirugia_mama - GRUPO GINEX - Ginex Instituto Salamero\",\"isPartOf\":{\"@id\":\"https:\/\/site.ginex.es\/#website\"},\"primaryImageOfPage\":{\"@id\":\"https:\/\/site.ginex.es\/index.php\/inicio\/departments\/cirugia_mama\/#primaryimage\"},\"datePublished\":\"2019-09-05T06:05:41+00:00\",\"dateModified\":\"2019-09-09T13:53:51+00:00\",\"breadcrumb\":{\"@id\":\"https:\/\/site.ginex.es\/index.php\/inicio\/departments\/cirugia_mama\/#breadcrumb\"},\"inLanguage\":\"es\",\"potentialAction\":[{\"@type\":\"ReadAction\",\"target\":[\"https:\/\/site.ginex.es\/index.php\/inicio\/departments\/cirugia_mama\/\"]}]},{\"@type\":\"BreadcrumbList\",\"@id\":\"https:\/\/site.ginex.es\/index.php\/inicio\/departments\/cirugia_mama\/#breadcrumb\",\"itemListElement\":[{\"@type\":\"ListItem\",\"position\":1,\"name\":\"Portada\",\"item\":\"https:\/\/site.ginex.es\/\"},{\"@type\":\"ListItem\",\"position\":2,\"name\":\"Inicio\",\"item\":\"https:\/\/site.ginex.es\/\"},{\"@type\":\"ListItem\",\"position\":3,\"name\":\"Especialidades\",\"item\":\"https:\/\/site.ginex.es\/index.php\/inicio\/departments\/\"},{\"@type\":\"ListItem\",\"position\":4,\"name\":\"cirugia_mama\"}]}]}<\/script>\n<!-- \/ Yoast SEO plugin. -->","yoast_head_json":{"title":"cirugia_mama - GRUPO GINEX - Ginex Instituto Salamero","robots":{"index":"index","follow":"follow","max-snippet":"max-snippet:-1","max-image-preview":"max-image-preview:large","max-video-preview":"max-video-preview:-1"},"canonical":"https:\/\/site.ginex.es\/index.php\/inicio\/departments\/cirugia_mama\/","og_locale":"es_ES","og_type":"article","og_title":"cirugia_mama - GRUPO GINEX - Ginex Instituto Salamero","og_url":"https:\/\/site.ginex.es\/index.php\/inicio\/departments\/cirugia_mama\/","og_site_name":"GRUPO GINEX - Ginex Instituto Salamero","article_modified_time":"2019-09-09T13:53:51+00:00","og_image":[{"url":"http:\/\/site.ginex.es\/wp-content\/uploads\/2019\/09\/Benigna-mama-300x164.jpeg"}],"twitter_card":"summary_large_image","twitter_misc":{"Tiempo de lectura":"14 minutos"},"schema":{"@context":"https:\/\/schema.org","@graph":[{"@type":"Organization","@id":"https:\/\/site.ginex.es\/#organization","name":"Grupo Ginex Centro de Ginecolog\u00eda y Obstetricia","url":"https:\/\/site.ginex.es\/","sameAs":[],"logo":{"@type":"ImageObject","@id":"https:\/\/site.ginex.es\/#logo","inLanguage":"es","url":"http:\/\/site.ginex.es\/wp-content\/uploads\/2019\/08\/grup_ginex_logo_1.png","contentUrl":"http:\/\/site.ginex.es\/wp-content\/uploads\/2019\/08\/grup_ginex_logo_1.png","width":600,"height":600,"caption":"Grupo Ginex Centro de Ginecolog\u00eda y Obstetricia"},"image":{"@id":"https:\/\/site.ginex.es\/#logo"}},{"@type":"WebSite","@id":"https:\/\/site.ginex.es\/#website","url":"https:\/\/site.ginex.es\/","name":"GRUPO GINEX - Ginex Instituto Salamero","description":"Tu centro ginecol\u00f3gico en Barcelona","publisher":{"@id":"https:\/\/site.ginex.es\/#organization"},"potentialAction":[{"@type":"SearchAction","target":{"@type":"EntryPoint","urlTemplate":"https:\/\/site.ginex.es\/?s={search_term_string}"},"query-input":"required name=search_term_string"}],"inLanguage":"es"},{"@type":"ImageObject","@id":"https:\/\/site.ginex.es\/index.php\/inicio\/departments\/cirugia_mama\/#primaryimage","inLanguage":"es","url":"http:\/\/site.ginex.es\/wp-content\/uploads\/2019\/09\/Benigna-mama-300x164.jpeg","contentUrl":"http:\/\/site.ginex.es\/wp-content\/uploads\/2019\/09\/Benigna-mama-300x164.jpeg"},{"@type":"WebPage","@id":"https:\/\/site.ginex.es\/index.php\/inicio\/departments\/cirugia_mama\/#webpage","url":"https:\/\/site.ginex.es\/index.php\/inicio\/departments\/cirugia_mama\/","name":"cirugia_mama - GRUPO GINEX - Ginex Instituto Salamero","isPartOf":{"@id":"https:\/\/site.ginex.es\/#website"},"primaryImageOfPage":{"@id":"https:\/\/site.ginex.es\/index.php\/inicio\/departments\/cirugia_mama\/#primaryimage"},"datePublished":"2019-09-05T06:05:41+00:00","dateModified":"2019-09-09T13:53:51+00:00","breadcrumb":{"@id":"https:\/\/site.ginex.es\/index.php\/inicio\/departments\/cirugia_mama\/#breadcrumb"},"inLanguage":"es","potentialAction":[{"@type":"ReadAction","target":["https:\/\/site.ginex.es\/index.php\/inicio\/departments\/cirugia_mama\/"]}]},{"@type":"BreadcrumbList","@id":"https:\/\/site.ginex.es\/index.php\/inicio\/departments\/cirugia_mama\/#breadcrumb","itemListElement":[{"@type":"ListItem","position":1,"name":"Portada","item":"https:\/\/site.ginex.es\/"},{"@type":"ListItem","position":2,"name":"Inicio","item":"https:\/\/site.ginex.es\/"},{"@type":"ListItem","position":3,"name":"Especialidades","item":"https:\/\/site.ginex.es\/index.php\/inicio\/departments\/"},{"@type":"ListItem","position":4,"name":"cirugia_mama"}]}]}},"jetpack_sharing_enabled":true,"_links":{"self":[{"href":"https:\/\/site.ginex.es\/index.php\/wp-json\/wp\/v2\/pages\/2116"}],"collection":[{"href":"https:\/\/site.ginex.es\/index.php\/wp-json\/wp\/v2\/pages"}],"about":[{"href":"https:\/\/site.ginex.es\/index.php\/wp-json\/wp\/v2\/types\/page"}],"author":[{"embeddable":true,"href":"https:\/\/site.ginex.es\/index.php\/wp-json\/wp\/v2\/users\/2"}],"replies":[{"embeddable":true,"href":"https:\/\/site.ginex.es\/index.php\/wp-json\/wp\/v2\/comments?post=2116"}],"version-history":[{"count":8,"href":"https:\/\/site.ginex.es\/index.php\/wp-json\/wp\/v2\/pages\/2116\/revisions"}],"predecessor-version":[{"id":2463,"href":"https:\/\/site.ginex.es\/index.php\/wp-json\/wp\/v2\/pages\/2116\/revisions\/2463"}],"up":[{"embeddable":true,"href":"https:\/\/site.ginex.es\/index.php\/wp-json\/wp\/v2\/pages\/961"}],"wp:attachment":[{"href":"https:\/\/site.ginex.es\/index.php\/wp-json\/wp\/v2\/media?parent=2116"}],"curies":[{"name":"wp","href":"https:\/\/api.w.org\/{rel}","templated":true}]}}