{"id":2922,"date":"2021-11-22T16:02:52","date_gmt":"2021-11-22T15:02:52","guid":{"rendered":"https:\/\/site.ginex.es\/?post_type=product&#038;p=2922"},"modified":"2021-11-22T16:09:08","modified_gmt":"2021-11-22T15:09:08","slug":"ferti-woman","status":"publish","type":"product","link":"https:\/\/site.ginex.es\/index.php\/producto\/ferti-woman\/","title":{"rendered":"FERTI WOMAN"},"content":{"rendered":"<p>GINEX Ferti Woman Esta demostrado que hay una serie de sustancias que ayudan a regular el ovario consiguiendo unos ciclos menstruales y ovulaciones m\u00e1s regulares. Asimismo un inicio de gestaci\u00f3n con unos niveles adecuados de vitaminas (entre ellas el \u00e1cido f\u00f3lico) nos da un mejor desarrollo neuronal del embri\u00f3n. La toma de Ferti Woman prepara el organismo para tener una gestaci\u00f3n con mejores resultados en la concepci\u00f3n y en el desarrollo del embri\u00f3n.<br \/>\n<strong>28 sobres<\/strong><\/p>\n","protected":false},"excerpt":{"rendered":"<p>GINEX Ferti Woman Esta demostrado que hay una serie de sustancias que ayudan a regular el ovario consiguiendo unos ciclos menstruales y ovulaciones m\u00e1s regulares. Asimismo un inicio de gestaci\u00f3n con unos niveles adecuados de vitaminas (entre ellas el \u00e1cido f\u00f3lico) nos da un mejor desarrollo neuronal del embri\u00f3n. La toma de Ferti Woman prepara [&hellip;]<\/p>\n","protected":false},"featured_media":2605,"comment_status":"open","ping_status":"closed","template":"","meta":{"spay_email":""},"product_cat":[40],"product_tag":[],"yoast_head":"<!-- This site is optimized with the Yoast SEO plugin v17.5 - https:\/\/yoast.com\/wordpress\/plugins\/seo\/ -->\n<title>FERTI WOMAN - GRUPO GINEX - Ginex Instituto Salamero<\/title>\n<meta name=\"robots\" content=\"index, follow, max-snippet:-1, max-image-preview:large, max-video-preview:-1\" \/>\n<link rel=\"canonical\" href=\"https:\/\/site.ginex.es\/index.php\/producto\/ferti-woman\/\" \/>\n<meta property=\"og:locale\" content=\"es_ES\" \/>\n<meta property=\"og:type\" content=\"article\" \/>\n<meta property=\"og:title\" content=\"FERTI WOMAN - GRUPO GINEX - Ginex Instituto Salamero\" \/>\n<meta property=\"og:description\" content=\"GINEX Ferti Woman Esta demostrado que hay una serie de sustancias que ayudan a regular el ovario consiguiendo unos ciclos menstruales y ovulaciones m\u00e1s regulares. Asimismo un inicio de gestaci\u00f3n con unos niveles adecuados de vitaminas (entre ellas el \u00e1cido f\u00f3lico) nos da un mejor desarrollo neuronal del embri\u00f3n. La toma de Ferti Woman prepara [&hellip;]\" \/>\n<meta property=\"og:url\" content=\"https:\/\/site.ginex.es\/index.php\/producto\/ferti-woman\/\" \/>\n<meta property=\"og:site_name\" content=\"GRUPO GINEX - Ginex Instituto Salamero\" \/>\n<meta property=\"article:modified_time\" content=\"2021-11-22T15:09:08+00:00\" \/>\n<meta property=\"og:image\" content=\"https:\/\/site.ginex.es\/wp-content\/uploads\/2019\/10\/ferti_woman.jpg\" \/>\n\t<meta property=\"og:image:width\" content=\"450\" \/>\n\t<meta property=\"og:image:height\" content=\"450\" \/>\n<meta name=\"twitter:card\" content=\"summary_large_image\" \/>\n<meta name=\"twitter:label1\" content=\"Tiempo de lectura\" \/>\n\t<meta name=\"twitter:data1\" content=\"1 minuto\" \/>\n<script type=\"application\/ld+json\" class=\"yoast-schema-graph\">{\"@context\":\"https:\/\/schema.org\",\"@graph\":[{\"@type\":\"Organization\",\"@id\":\"https:\/\/site.ginex.es\/#organization\",\"name\":\"Grupo Ginex Centro de Ginecolog\\u00eda y Obstetricia\",\"url\":\"https:\/\/site.ginex.es\/\",\"sameAs\":[],\"logo\":{\"@type\":\"ImageObject\",\"@id\":\"https:\/\/site.ginex.es\/#logo\",\"inLanguage\":\"es\",\"url\":\"http:\/\/site.ginex.es\/wp-content\/uploads\/2019\/08\/grup_ginex_logo_1.png\",\"contentUrl\":\"http:\/\/site.ginex.es\/wp-content\/uploads\/2019\/08\/grup_ginex_logo_1.png\",\"width\":600,\"height\":600,\"caption\":\"Grupo Ginex Centro de Ginecolog\\u00eda y Obstetricia\"},\"image\":{\"@id\":\"https:\/\/site.ginex.es\/#logo\"}},{\"@type\":\"WebSite\",\"@id\":\"https:\/\/site.ginex.es\/#website\",\"url\":\"https:\/\/site.ginex.es\/\",\"name\":\"GRUPO GINEX - Ginex Instituto Salamero\",\"description\":\"Tu centro ginecol\\u00f3gico en Barcelona\",\"publisher\":{\"@id\":\"https:\/\/site.ginex.es\/#organization\"},\"potentialAction\":[{\"@type\":\"SearchAction\",\"target\":{\"@type\":\"EntryPoint\",\"urlTemplate\":\"https:\/\/site.ginex.es\/?s={search_term_string}\"},\"query-input\":\"required name=search_term_string\"}],\"inLanguage\":\"es\"},{\"@type\":\"ImageObject\",\"@id\":\"https:\/\/site.ginex.es\/index.php\/producto\/ferti-woman\/#primaryimage\",\"inLanguage\":\"es\",\"url\":\"https:\/\/site.ginex.es\/wp-content\/uploads\/2019\/10\/ferti_woman.jpg\",\"contentUrl\":\"https:\/\/site.ginex.es\/wp-content\/uploads\/2019\/10\/ferti_woman.jpg\",\"width\":450,\"height\":450,\"caption\":\"FERTI WOMAN\"},{\"@type\":\"WebPage\",\"@id\":\"https:\/\/site.ginex.es\/index.php\/producto\/ferti-woman\/#webpage\",\"url\":\"https:\/\/site.ginex.es\/index.php\/producto\/ferti-woman\/\",\"name\":\"FERTI WOMAN - GRUPO GINEX - Ginex Instituto Salamero\",\"isPartOf\":{\"@id\":\"https:\/\/site.ginex.es\/#website\"},\"primaryImageOfPage\":{\"@id\":\"https:\/\/site.ginex.es\/index.php\/producto\/ferti-woman\/#primaryimage\"},\"datePublished\":\"2021-11-22T15:02:52+00:00\",\"dateModified\":\"2021-11-22T15:09:08+00:00\",\"breadcrumb\":{\"@id\":\"https:\/\/site.ginex.es\/index.php\/producto\/ferti-woman\/#breadcrumb\"},\"inLanguage\":\"es\",\"potentialAction\":[{\"@type\":\"ReadAction\",\"target\":[\"https:\/\/site.ginex.es\/index.php\/producto\/ferti-woman\/\"]}]},{\"@type\":\"BreadcrumbList\",\"@id\":\"https:\/\/site.ginex.es\/index.php\/producto\/ferti-woman\/#breadcrumb\",\"itemListElement\":[{\"@type\":\"ListItem\",\"position\":1,\"name\":\"Portada\",\"item\":\"https:\/\/site.ginex.es\/\"},{\"@type\":\"ListItem\",\"position\":2,\"name\":\"Tienda\",\"item\":\"https:\/\/site.ginex.es\/index.php\/tienda\/\"},{\"@type\":\"ListItem\",\"position\":3,\"name\":\"FERTI WOMAN\"}]}]}<\/script>\n<!-- \/ Yoast SEO plugin. -->","yoast_head_json":{"title":"FERTI WOMAN - GRUPO GINEX - Ginex Instituto Salamero","robots":{"index":"index","follow":"follow","max-snippet":"max-snippet:-1","max-image-preview":"max-image-preview:large","max-video-preview":"max-video-preview:-1"},"canonical":"https:\/\/site.ginex.es\/index.php\/producto\/ferti-woman\/","og_locale":"es_ES","og_type":"article","og_title":"FERTI WOMAN - GRUPO GINEX - Ginex Instituto Salamero","og_description":"GINEX Ferti Woman Esta demostrado que hay una serie de sustancias que ayudan a regular el ovario consiguiendo unos ciclos menstruales y ovulaciones m\u00e1s regulares. Asimismo un inicio de gestaci\u00f3n con unos niveles adecuados de vitaminas (entre ellas el \u00e1cido f\u00f3lico) nos da un mejor desarrollo neuronal del embri\u00f3n. La toma de Ferti Woman prepara [&hellip;]","og_url":"https:\/\/site.ginex.es\/index.php\/producto\/ferti-woman\/","og_site_name":"GRUPO GINEX - Ginex Instituto Salamero","article_modified_time":"2021-11-22T15:09:08+00:00","og_image":[{"width":450,"height":450,"url":"https:\/\/site.ginex.es\/wp-content\/uploads\/2019\/10\/ferti_woman.jpg","type":"image\/jpeg"}],"twitter_card":"summary_large_image","twitter_misc":{"Tiempo de lectura":"1 minuto"},"schema":{"@context":"https:\/\/schema.org","@graph":[{"@type":"Organization","@id":"https:\/\/site.ginex.es\/#organization","name":"Grupo Ginex Centro de Ginecolog\u00eda y Obstetricia","url":"https:\/\/site.ginex.es\/","sameAs":[],"logo":{"@type":"ImageObject","@id":"https:\/\/site.ginex.es\/#logo","inLanguage":"es","url":"http:\/\/site.ginex.es\/wp-content\/uploads\/2019\/08\/grup_ginex_logo_1.png","contentUrl":"http:\/\/site.ginex.es\/wp-content\/uploads\/2019\/08\/grup_ginex_logo_1.png","width":600,"height":600,"caption":"Grupo Ginex Centro de Ginecolog\u00eda y Obstetricia"},"image":{"@id":"https:\/\/site.ginex.es\/#logo"}},{"@type":"WebSite","@id":"https:\/\/site.ginex.es\/#website","url":"https:\/\/site.ginex.es\/","name":"GRUPO GINEX - Ginex Instituto Salamero","description":"Tu centro ginecol\u00f3gico en Barcelona","publisher":{"@id":"https:\/\/site.ginex.es\/#organization"},"potentialAction":[{"@type":"SearchAction","target":{"@type":"EntryPoint","urlTemplate":"https:\/\/site.ginex.es\/?s={search_term_string}"},"query-input":"required name=search_term_string"}],"inLanguage":"es"},{"@type":"ImageObject","@id":"https:\/\/site.ginex.es\/index.php\/producto\/ferti-woman\/#primaryimage","inLanguage":"es","url":"https:\/\/site.ginex.es\/wp-content\/uploads\/2019\/10\/ferti_woman.jpg","contentUrl":"https:\/\/site.ginex.es\/wp-content\/uploads\/2019\/10\/ferti_woman.jpg","width":450,"height":450,"caption":"FERTI WOMAN"},{"@type":"WebPage","@id":"https:\/\/site.ginex.es\/index.php\/producto\/ferti-woman\/#webpage","url":"https:\/\/site.ginex.es\/index.php\/producto\/ferti-woman\/","name":"FERTI WOMAN - GRUPO GINEX - Ginex Instituto Salamero","isPartOf":{"@id":"https:\/\/site.ginex.es\/#website"},"primaryImageOfPage":{"@id":"https:\/\/site.ginex.es\/index.php\/producto\/ferti-woman\/#primaryimage"},"datePublished":"2021-11-22T15:02:52+00:00","dateModified":"2021-11-22T15:09:08+00:00","breadcrumb":{"@id":"https:\/\/site.ginex.es\/index.php\/producto\/ferti-woman\/#breadcrumb"},"inLanguage":"es","potentialAction":[{"@type":"ReadAction","target":["https:\/\/site.ginex.es\/index.php\/producto\/ferti-woman\/"]}]},{"@type":"BreadcrumbList","@id":"https:\/\/site.ginex.es\/index.php\/producto\/ferti-woman\/#breadcrumb","itemListElement":[{"@type":"ListItem","position":1,"name":"Portada","item":"https:\/\/site.ginex.es\/"},{"@type":"ListItem","position":2,"name":"Tienda","item":"https:\/\/site.ginex.es\/index.php\/tienda\/"},{"@type":"ListItem","position":3,"name":"FERTI WOMAN"}]}]}},"jetpack_sharing_enabled":true,"_links":{"self":[{"href":"https:\/\/site.ginex.es\/index.php\/wp-json\/wp\/v2\/product\/2922"}],"collection":[{"href":"https:\/\/site.ginex.es\/index.php\/wp-json\/wp\/v2\/product"}],"about":[{"href":"https:\/\/site.ginex.es\/index.php\/wp-json\/wp\/v2\/types\/product"}],"replies":[{"embeddable":true,"href":"https:\/\/site.ginex.es\/index.php\/wp-json\/wp\/v2\/comments?post=2922"}],"wp:featuredmedia":[{"embeddable":true,"href":"https:\/\/site.ginex.es\/index.php\/wp-json\/wp\/v2\/media\/2605"}],"wp:attachment":[{"href":"https:\/\/site.ginex.es\/index.php\/wp-json\/wp\/v2\/media?parent=2922"}],"wp:term":[{"taxonomy":"product_cat","embeddable":true,"href":"https:\/\/site.ginex.es\/index.php\/wp-json\/wp\/v2\/product_cat?post=2922"},{"taxonomy":"product_tag","embeddable":true,"href":"https:\/\/site.ginex.es\/index.php\/wp-json\/wp\/v2\/product_tag?post=2922"}],"curies":[{"name":"wp","href":"https:\/\/api.w.org\/{rel}","templated":true}]}}