{"id":2931,"date":"2021-11-22T16:09:59","date_gmt":"2021-11-22T15:09:59","guid":{"rendered":"https:\/\/site.ginex.es\/?post_type=product&#038;p=2931"},"modified":"2021-11-22T16:14:16","modified_gmt":"2021-11-22T15:14:16","slug":"antiestrias","status":"publish","type":"product","link":"https:\/\/site.ginex.es\/index.php\/producto\/antiestrias\/","title":{"rendered":"ANTIESTR\u00cdAS"},"content":{"rendered":"<p>GINEX Antiestr\u00edas Emulsi\u00f3n formulada para el tratamiento de las estr\u00edas que pueden aparecer durante la pubertad, el embarazo y debido a cambios bruscos de peso. Previene la aparici\u00f3n de nuevas estr\u00edas y contribuye a uniformizarlas, disminuyendo su tama\u00f1o y coloraci\u00f3n.<br \/>\n<strong>200 ml <\/strong><\/p>\n","protected":false},"excerpt":{"rendered":"<p>GINEX Antiestr\u00edas Emulsi\u00f3n formulada para el tratamiento de las estr\u00edas que pueden aparecer durante la pubertad, el embarazo y debido a cambios bruscos de peso. Previene la aparici\u00f3n de nuevas estr\u00edas y contribuye a uniformizarlas, disminuyendo su tama\u00f1o y coloraci\u00f3n. 200 ml<\/p>\n","protected":false},"featured_media":2603,"comment_status":"open","ping_status":"closed","template":"","meta":{"spay_email":""},"product_cat":[41],"product_tag":[],"yoast_head":"<!-- This site is optimized with the Yoast SEO plugin v17.5 - https:\/\/yoast.com\/wordpress\/plugins\/seo\/ -->\n<title>ANTIESTR\u00cdAS - GRUPO GINEX - Ginex Instituto Salamero<\/title>\n<meta name=\"robots\" content=\"index, follow, max-snippet:-1, max-image-preview:large, max-video-preview:-1\" \/>\n<link rel=\"canonical\" href=\"https:\/\/site.ginex.es\/index.php\/producto\/antiestrias\/\" \/>\n<meta property=\"og:locale\" content=\"es_ES\" \/>\n<meta property=\"og:type\" content=\"article\" \/>\n<meta property=\"og:title\" content=\"ANTIESTR\u00cdAS - GRUPO GINEX - Ginex Instituto Salamero\" \/>\n<meta property=\"og:description\" content=\"GINEX Antiestr\u00edas Emulsi\u00f3n formulada para el tratamiento de las estr\u00edas que pueden aparecer durante la pubertad, el embarazo y debido a cambios bruscos de peso. Previene la aparici\u00f3n de nuevas estr\u00edas y contribuye a uniformizarlas, disminuyendo su tama\u00f1o y coloraci\u00f3n. 200 ml\" \/>\n<meta property=\"og:url\" content=\"https:\/\/site.ginex.es\/index.php\/producto\/antiestrias\/\" \/>\n<meta property=\"og:site_name\" content=\"GRUPO GINEX - Ginex Instituto Salamero\" \/>\n<meta property=\"article:modified_time\" content=\"2021-11-22T15:14:16+00:00\" \/>\n<meta property=\"og:image\" content=\"https:\/\/site.ginex.es\/wp-content\/uploads\/2019\/10\/antiestrias.jpg\" \/>\n\t<meta property=\"og:image:width\" content=\"450\" \/>\n\t<meta property=\"og:image:height\" content=\"450\" \/>\n<meta name=\"twitter:card\" content=\"summary_large_image\" \/>\n<meta name=\"twitter:label1\" content=\"Tiempo de lectura\" \/>\n\t<meta name=\"twitter:data1\" content=\"1 minuto\" \/>\n<script type=\"application\/ld+json\" class=\"yoast-schema-graph\">{\"@context\":\"https:\/\/schema.org\",\"@graph\":[{\"@type\":\"Organization\",\"@id\":\"https:\/\/site.ginex.es\/#organization\",\"name\":\"Grupo Ginex Centro de Ginecolog\\u00eda y Obstetricia\",\"url\":\"https:\/\/site.ginex.es\/\",\"sameAs\":[],\"logo\":{\"@type\":\"ImageObject\",\"@id\":\"https:\/\/site.ginex.es\/#logo\",\"inLanguage\":\"es\",\"url\":\"http:\/\/site.ginex.es\/wp-content\/uploads\/2019\/08\/grup_ginex_logo_1.png\",\"contentUrl\":\"http:\/\/site.ginex.es\/wp-content\/uploads\/2019\/08\/grup_ginex_logo_1.png\",\"width\":600,\"height\":600,\"caption\":\"Grupo Ginex Centro de Ginecolog\\u00eda y Obstetricia\"},\"image\":{\"@id\":\"https:\/\/site.ginex.es\/#logo\"}},{\"@type\":\"WebSite\",\"@id\":\"https:\/\/site.ginex.es\/#website\",\"url\":\"https:\/\/site.ginex.es\/\",\"name\":\"GRUPO GINEX - Ginex Instituto Salamero\",\"description\":\"Tu centro ginecol\\u00f3gico en Barcelona\",\"publisher\":{\"@id\":\"https:\/\/site.ginex.es\/#organization\"},\"potentialAction\":[{\"@type\":\"SearchAction\",\"target\":{\"@type\":\"EntryPoint\",\"urlTemplate\":\"https:\/\/site.ginex.es\/?s={search_term_string}\"},\"query-input\":\"required name=search_term_string\"}],\"inLanguage\":\"es\"},{\"@type\":\"ImageObject\",\"@id\":\"https:\/\/site.ginex.es\/index.php\/producto\/antiestrias\/#primaryimage\",\"inLanguage\":\"es\",\"url\":\"https:\/\/site.ginex.es\/wp-content\/uploads\/2019\/10\/antiestrias.jpg\",\"contentUrl\":\"https:\/\/site.ginex.es\/wp-content\/uploads\/2019\/10\/antiestrias.jpg\",\"width\":450,\"height\":450,\"caption\":\"ANTIESTR\\u00cdAS\"},{\"@type\":\"WebPage\",\"@id\":\"https:\/\/site.ginex.es\/index.php\/producto\/antiestrias\/#webpage\",\"url\":\"https:\/\/site.ginex.es\/index.php\/producto\/antiestrias\/\",\"name\":\"ANTIESTR\\u00cdAS - GRUPO GINEX - Ginex Instituto Salamero\",\"isPartOf\":{\"@id\":\"https:\/\/site.ginex.es\/#website\"},\"primaryImageOfPage\":{\"@id\":\"https:\/\/site.ginex.es\/index.php\/producto\/antiestrias\/#primaryimage\"},\"datePublished\":\"2021-11-22T15:09:59+00:00\",\"dateModified\":\"2021-11-22T15:14:16+00:00\",\"breadcrumb\":{\"@id\":\"https:\/\/site.ginex.es\/index.php\/producto\/antiestrias\/#breadcrumb\"},\"inLanguage\":\"es\",\"potentialAction\":[{\"@type\":\"ReadAction\",\"target\":[\"https:\/\/site.ginex.es\/index.php\/producto\/antiestrias\/\"]}]},{\"@type\":\"BreadcrumbList\",\"@id\":\"https:\/\/site.ginex.es\/index.php\/producto\/antiestrias\/#breadcrumb\",\"itemListElement\":[{\"@type\":\"ListItem\",\"position\":1,\"name\":\"Portada\",\"item\":\"https:\/\/site.ginex.es\/\"},{\"@type\":\"ListItem\",\"position\":2,\"name\":\"Tienda\",\"item\":\"https:\/\/site.ginex.es\/index.php\/tienda\/\"},{\"@type\":\"ListItem\",\"position\":3,\"name\":\"ANTIESTR\\u00cdAS\"}]}]}<\/script>\n<!-- \/ Yoast SEO plugin. -->","yoast_head_json":{"title":"ANTIESTR\u00cdAS - GRUPO GINEX - Ginex Instituto Salamero","robots":{"index":"index","follow":"follow","max-snippet":"max-snippet:-1","max-image-preview":"max-image-preview:large","max-video-preview":"max-video-preview:-1"},"canonical":"https:\/\/site.ginex.es\/index.php\/producto\/antiestrias\/","og_locale":"es_ES","og_type":"article","og_title":"ANTIESTR\u00cdAS - GRUPO GINEX - Ginex Instituto Salamero","og_description":"GINEX Antiestr\u00edas Emulsi\u00f3n formulada para el tratamiento de las estr\u00edas que pueden aparecer durante la pubertad, el embarazo y debido a cambios bruscos de peso. Previene la aparici\u00f3n de nuevas estr\u00edas y contribuye a uniformizarlas, disminuyendo su tama\u00f1o y coloraci\u00f3n. 200 ml","og_url":"https:\/\/site.ginex.es\/index.php\/producto\/antiestrias\/","og_site_name":"GRUPO GINEX - Ginex Instituto Salamero","article_modified_time":"2021-11-22T15:14:16+00:00","og_image":[{"width":450,"height":450,"url":"https:\/\/site.ginex.es\/wp-content\/uploads\/2019\/10\/antiestrias.jpg","type":"image\/jpeg"}],"twitter_card":"summary_large_image","twitter_misc":{"Tiempo de lectura":"1 minuto"},"schema":{"@context":"https:\/\/schema.org","@graph":[{"@type":"Organization","@id":"https:\/\/site.ginex.es\/#organization","name":"Grupo Ginex Centro de Ginecolog\u00eda y Obstetricia","url":"https:\/\/site.ginex.es\/","sameAs":[],"logo":{"@type":"ImageObject","@id":"https:\/\/site.ginex.es\/#logo","inLanguage":"es","url":"http:\/\/site.ginex.es\/wp-content\/uploads\/2019\/08\/grup_ginex_logo_1.png","contentUrl":"http:\/\/site.ginex.es\/wp-content\/uploads\/2019\/08\/grup_ginex_logo_1.png","width":600,"height":600,"caption":"Grupo Ginex Centro de Ginecolog\u00eda y Obstetricia"},"image":{"@id":"https:\/\/site.ginex.es\/#logo"}},{"@type":"WebSite","@id":"https:\/\/site.ginex.es\/#website","url":"https:\/\/site.ginex.es\/","name":"GRUPO GINEX - Ginex Instituto Salamero","description":"Tu centro ginecol\u00f3gico en Barcelona","publisher":{"@id":"https:\/\/site.ginex.es\/#organization"},"potentialAction":[{"@type":"SearchAction","target":{"@type":"EntryPoint","urlTemplate":"https:\/\/site.ginex.es\/?s={search_term_string}"},"query-input":"required name=search_term_string"}],"inLanguage":"es"},{"@type":"ImageObject","@id":"https:\/\/site.ginex.es\/index.php\/producto\/antiestrias\/#primaryimage","inLanguage":"es","url":"https:\/\/site.ginex.es\/wp-content\/uploads\/2019\/10\/antiestrias.jpg","contentUrl":"https:\/\/site.ginex.es\/wp-content\/uploads\/2019\/10\/antiestrias.jpg","width":450,"height":450,"caption":"ANTIESTR\u00cdAS"},{"@type":"WebPage","@id":"https:\/\/site.ginex.es\/index.php\/producto\/antiestrias\/#webpage","url":"https:\/\/site.ginex.es\/index.php\/producto\/antiestrias\/","name":"ANTIESTR\u00cdAS - GRUPO GINEX - Ginex Instituto Salamero","isPartOf":{"@id":"https:\/\/site.ginex.es\/#website"},"primaryImageOfPage":{"@id":"https:\/\/site.ginex.es\/index.php\/producto\/antiestrias\/#primaryimage"},"datePublished":"2021-11-22T15:09:59+00:00","dateModified":"2021-11-22T15:14:16+00:00","breadcrumb":{"@id":"https:\/\/site.ginex.es\/index.php\/producto\/antiestrias\/#breadcrumb"},"inLanguage":"es","potentialAction":[{"@type":"ReadAction","target":["https:\/\/site.ginex.es\/index.php\/producto\/antiestrias\/"]}]},{"@type":"BreadcrumbList","@id":"https:\/\/site.ginex.es\/index.php\/producto\/antiestrias\/#breadcrumb","itemListElement":[{"@type":"ListItem","position":1,"name":"Portada","item":"https:\/\/site.ginex.es\/"},{"@type":"ListItem","position":2,"name":"Tienda","item":"https:\/\/site.ginex.es\/index.php\/tienda\/"},{"@type":"ListItem","position":3,"name":"ANTIESTR\u00cdAS"}]}]}},"jetpack_sharing_enabled":true,"_links":{"self":[{"href":"https:\/\/site.ginex.es\/index.php\/wp-json\/wp\/v2\/product\/2931"}],"collection":[{"href":"https:\/\/site.ginex.es\/index.php\/wp-json\/wp\/v2\/product"}],"about":[{"href":"https:\/\/site.ginex.es\/index.php\/wp-json\/wp\/v2\/types\/product"}],"replies":[{"embeddable":true,"href":"https:\/\/site.ginex.es\/index.php\/wp-json\/wp\/v2\/comments?post=2931"}],"wp:featuredmedia":[{"embeddable":true,"href":"https:\/\/site.ginex.es\/index.php\/wp-json\/wp\/v2\/media\/2603"}],"wp:attachment":[{"href":"https:\/\/site.ginex.es\/index.php\/wp-json\/wp\/v2\/media?parent=2931"}],"wp:term":[{"taxonomy":"product_cat","embeddable":true,"href":"https:\/\/site.ginex.es\/index.php\/wp-json\/wp\/v2\/product_cat?post=2931"},{"taxonomy":"product_tag","embeddable":true,"href":"https:\/\/site.ginex.es\/index.php\/wp-json\/wp\/v2\/product_tag?post=2931"}],"curies":[{"name":"wp","href":"https:\/\/api.w.org\/{rel}","templated":true}]}}