{"id":2941,"date":"2021-11-22T16:25:51","date_gmt":"2021-11-22T15:25:51","guid":{"rendered":"https:\/\/site.ginex.es\/?post_type=product&#038;p=2941"},"modified":"2021-11-22T16:27:49","modified_gmt":"2021-11-22T15:27:49","slug":"gel","status":"publish","type":"product","link":"https:\/\/site.ginex.es\/index.php\/producto\/gel\/","title":{"rendered":"GEL"},"content":{"rendered":"<p>GINEX GEL<br \/>\nGel limpiador \u00edntimo con ingredientes naturales que calman, protegen y restauran la funci\u00f3n barrera de la piel. De uso diario y con efectos neutralizantes del olor. Formulado con Dermasooth\u00ae, complejo formado por extractos vegetales que, combinados entre s\u00ed, act\u00faan en sinergia en pro de efectos antiinflamatorios, antimicrobianos, antimic\u00f3ticos y de efectos que promueven la regeneraci\u00f3n all\u00ed donde se aplican.<br \/>\n<strong>250 ml<\/strong><\/p>\n","protected":false},"excerpt":{"rendered":"<p>GINEX GEL Gel limpiador \u00edntimo con ingredientes naturales que calman, protegen y restauran la funci\u00f3n barrera de la piel. De uso diario y con efectos neutralizantes del olor. Formulado con Dermasooth\u00ae, complejo formado por extractos vegetales que, combinados entre s\u00ed, act\u00faan en sinergia en pro de efectos antiinflamatorios, antimicrobianos, antimic\u00f3ticos y de efectos que promueven [&hellip;]<\/p>\n","protected":false},"featured_media":2840,"comment_status":"open","ping_status":"closed","template":"","meta":{"spay_email":""},"product_cat":[42],"product_tag":[],"yoast_head":"<!-- This site is optimized with the Yoast SEO plugin v17.5 - https:\/\/yoast.com\/wordpress\/plugins\/seo\/ -->\n<title>GEL - GRUPO GINEX - Ginex Instituto Salamero<\/title>\n<meta name=\"robots\" content=\"index, follow, max-snippet:-1, max-image-preview:large, max-video-preview:-1\" \/>\n<link rel=\"canonical\" href=\"https:\/\/site.ginex.es\/index.php\/producto\/gel\/\" \/>\n<meta property=\"og:locale\" content=\"es_ES\" \/>\n<meta property=\"og:type\" content=\"article\" \/>\n<meta property=\"og:title\" content=\"GEL - GRUPO GINEX - Ginex Instituto Salamero\" \/>\n<meta property=\"og:description\" content=\"GINEX GEL Gel limpiador \u00edntimo con ingredientes naturales que calman, protegen y restauran la funci\u00f3n barrera de la piel. De uso diario y con efectos neutralizantes del olor. Formulado con Dermasooth\u00ae, complejo formado por extractos vegetales que, combinados entre s\u00ed, act\u00faan en sinergia en pro de efectos antiinflamatorios, antimicrobianos, antimic\u00f3ticos y de efectos que promueven [&hellip;]\" \/>\n<meta property=\"og:url\" content=\"https:\/\/site.ginex.es\/index.php\/producto\/gel\/\" \/>\n<meta property=\"og:site_name\" content=\"GRUPO GINEX - Ginex Instituto Salamero\" \/>\n<meta property=\"article:modified_time\" content=\"2021-11-22T15:27:49+00:00\" \/>\n<meta property=\"og:image\" content=\"https:\/\/site.ginex.es\/wp-content\/uploads\/2020\/07\/Ginex-gel-1.png\" \/>\n\t<meta property=\"og:image:width\" content=\"451\" \/>\n\t<meta property=\"og:image:height\" content=\"451\" \/>\n<meta name=\"twitter:card\" content=\"summary_large_image\" \/>\n<meta name=\"twitter:label1\" content=\"Tiempo de lectura\" \/>\n\t<meta name=\"twitter:data1\" content=\"1 minuto\" \/>\n<script type=\"application\/ld+json\" class=\"yoast-schema-graph\">{\"@context\":\"https:\/\/schema.org\",\"@graph\":[{\"@type\":\"Organization\",\"@id\":\"https:\/\/site.ginex.es\/#organization\",\"name\":\"Grupo Ginex Centro de Ginecolog\\u00eda y Obstetricia\",\"url\":\"https:\/\/site.ginex.es\/\",\"sameAs\":[],\"logo\":{\"@type\":\"ImageObject\",\"@id\":\"https:\/\/site.ginex.es\/#logo\",\"inLanguage\":\"es\",\"url\":\"http:\/\/site.ginex.es\/wp-content\/uploads\/2019\/08\/grup_ginex_logo_1.png\",\"contentUrl\":\"http:\/\/site.ginex.es\/wp-content\/uploads\/2019\/08\/grup_ginex_logo_1.png\",\"width\":600,\"height\":600,\"caption\":\"Grupo Ginex Centro de Ginecolog\\u00eda y Obstetricia\"},\"image\":{\"@id\":\"https:\/\/site.ginex.es\/#logo\"}},{\"@type\":\"WebSite\",\"@id\":\"https:\/\/site.ginex.es\/#website\",\"url\":\"https:\/\/site.ginex.es\/\",\"name\":\"GRUPO GINEX - Ginex Instituto Salamero\",\"description\":\"Tu centro ginecol\\u00f3gico en Barcelona\",\"publisher\":{\"@id\":\"https:\/\/site.ginex.es\/#organization\"},\"potentialAction\":[{\"@type\":\"SearchAction\",\"target\":{\"@type\":\"EntryPoint\",\"urlTemplate\":\"https:\/\/site.ginex.es\/?s={search_term_string}\"},\"query-input\":\"required name=search_term_string\"}],\"inLanguage\":\"es\"},{\"@type\":\"ImageObject\",\"@id\":\"https:\/\/site.ginex.es\/index.php\/producto\/gel\/#primaryimage\",\"inLanguage\":\"es\",\"url\":\"https:\/\/site.ginex.es\/wp-content\/uploads\/2020\/07\/Ginex-gel-1.png\",\"contentUrl\":\"https:\/\/site.ginex.es\/wp-content\/uploads\/2020\/07\/Ginex-gel-1.png\",\"width\":451,\"height\":451},{\"@type\":\"WebPage\",\"@id\":\"https:\/\/site.ginex.es\/index.php\/producto\/gel\/#webpage\",\"url\":\"https:\/\/site.ginex.es\/index.php\/producto\/gel\/\",\"name\":\"GEL - GRUPO GINEX - Ginex Instituto Salamero\",\"isPartOf\":{\"@id\":\"https:\/\/site.ginex.es\/#website\"},\"primaryImageOfPage\":{\"@id\":\"https:\/\/site.ginex.es\/index.php\/producto\/gel\/#primaryimage\"},\"datePublished\":\"2021-11-22T15:25:51+00:00\",\"dateModified\":\"2021-11-22T15:27:49+00:00\",\"breadcrumb\":{\"@id\":\"https:\/\/site.ginex.es\/index.php\/producto\/gel\/#breadcrumb\"},\"inLanguage\":\"es\",\"potentialAction\":[{\"@type\":\"ReadAction\",\"target\":[\"https:\/\/site.ginex.es\/index.php\/producto\/gel\/\"]}]},{\"@type\":\"BreadcrumbList\",\"@id\":\"https:\/\/site.ginex.es\/index.php\/producto\/gel\/#breadcrumb\",\"itemListElement\":[{\"@type\":\"ListItem\",\"position\":1,\"name\":\"Portada\",\"item\":\"https:\/\/site.ginex.es\/\"},{\"@type\":\"ListItem\",\"position\":2,\"name\":\"Tienda\",\"item\":\"https:\/\/site.ginex.es\/index.php\/tienda\/\"},{\"@type\":\"ListItem\",\"position\":3,\"name\":\"GEL\"}]}]}<\/script>\n<!-- \/ Yoast SEO plugin. -->","yoast_head_json":{"title":"GEL - GRUPO GINEX - Ginex Instituto Salamero","robots":{"index":"index","follow":"follow","max-snippet":"max-snippet:-1","max-image-preview":"max-image-preview:large","max-video-preview":"max-video-preview:-1"},"canonical":"https:\/\/site.ginex.es\/index.php\/producto\/gel\/","og_locale":"es_ES","og_type":"article","og_title":"GEL - GRUPO GINEX - Ginex Instituto Salamero","og_description":"GINEX GEL Gel limpiador \u00edntimo con ingredientes naturales que calman, protegen y restauran la funci\u00f3n barrera de la piel. De uso diario y con efectos neutralizantes del olor. Formulado con Dermasooth\u00ae, complejo formado por extractos vegetales que, combinados entre s\u00ed, act\u00faan en sinergia en pro de efectos antiinflamatorios, antimicrobianos, antimic\u00f3ticos y de efectos que promueven [&hellip;]","og_url":"https:\/\/site.ginex.es\/index.php\/producto\/gel\/","og_site_name":"GRUPO GINEX - Ginex Instituto Salamero","article_modified_time":"2021-11-22T15:27:49+00:00","og_image":[{"width":451,"height":451,"url":"https:\/\/site.ginex.es\/wp-content\/uploads\/2020\/07\/Ginex-gel-1.png","type":"image\/png"}],"twitter_card":"summary_large_image","twitter_misc":{"Tiempo de lectura":"1 minuto"},"schema":{"@context":"https:\/\/schema.org","@graph":[{"@type":"Organization","@id":"https:\/\/site.ginex.es\/#organization","name":"Grupo Ginex Centro de Ginecolog\u00eda y Obstetricia","url":"https:\/\/site.ginex.es\/","sameAs":[],"logo":{"@type":"ImageObject","@id":"https:\/\/site.ginex.es\/#logo","inLanguage":"es","url":"http:\/\/site.ginex.es\/wp-content\/uploads\/2019\/08\/grup_ginex_logo_1.png","contentUrl":"http:\/\/site.ginex.es\/wp-content\/uploads\/2019\/08\/grup_ginex_logo_1.png","width":600,"height":600,"caption":"Grupo Ginex Centro de Ginecolog\u00eda y Obstetricia"},"image":{"@id":"https:\/\/site.ginex.es\/#logo"}},{"@type":"WebSite","@id":"https:\/\/site.ginex.es\/#website","url":"https:\/\/site.ginex.es\/","name":"GRUPO GINEX - Ginex Instituto Salamero","description":"Tu centro ginecol\u00f3gico en Barcelona","publisher":{"@id":"https:\/\/site.ginex.es\/#organization"},"potentialAction":[{"@type":"SearchAction","target":{"@type":"EntryPoint","urlTemplate":"https:\/\/site.ginex.es\/?s={search_term_string}"},"query-input":"required name=search_term_string"}],"inLanguage":"es"},{"@type":"ImageObject","@id":"https:\/\/site.ginex.es\/index.php\/producto\/gel\/#primaryimage","inLanguage":"es","url":"https:\/\/site.ginex.es\/wp-content\/uploads\/2020\/07\/Ginex-gel-1.png","contentUrl":"https:\/\/site.ginex.es\/wp-content\/uploads\/2020\/07\/Ginex-gel-1.png","width":451,"height":451},{"@type":"WebPage","@id":"https:\/\/site.ginex.es\/index.php\/producto\/gel\/#webpage","url":"https:\/\/site.ginex.es\/index.php\/producto\/gel\/","name":"GEL - GRUPO GINEX - Ginex Instituto Salamero","isPartOf":{"@id":"https:\/\/site.ginex.es\/#website"},"primaryImageOfPage":{"@id":"https:\/\/site.ginex.es\/index.php\/producto\/gel\/#primaryimage"},"datePublished":"2021-11-22T15:25:51+00:00","dateModified":"2021-11-22T15:27:49+00:00","breadcrumb":{"@id":"https:\/\/site.ginex.es\/index.php\/producto\/gel\/#breadcrumb"},"inLanguage":"es","potentialAction":[{"@type":"ReadAction","target":["https:\/\/site.ginex.es\/index.php\/producto\/gel\/"]}]},{"@type":"BreadcrumbList","@id":"https:\/\/site.ginex.es\/index.php\/producto\/gel\/#breadcrumb","itemListElement":[{"@type":"ListItem","position":1,"name":"Portada","item":"https:\/\/site.ginex.es\/"},{"@type":"ListItem","position":2,"name":"Tienda","item":"https:\/\/site.ginex.es\/index.php\/tienda\/"},{"@type":"ListItem","position":3,"name":"GEL"}]}]}},"jetpack_sharing_enabled":true,"_links":{"self":[{"href":"https:\/\/site.ginex.es\/index.php\/wp-json\/wp\/v2\/product\/2941"}],"collection":[{"href":"https:\/\/site.ginex.es\/index.php\/wp-json\/wp\/v2\/product"}],"about":[{"href":"https:\/\/site.ginex.es\/index.php\/wp-json\/wp\/v2\/types\/product"}],"replies":[{"embeddable":true,"href":"https:\/\/site.ginex.es\/index.php\/wp-json\/wp\/v2\/comments?post=2941"}],"wp:featuredmedia":[{"embeddable":true,"href":"https:\/\/site.ginex.es\/index.php\/wp-json\/wp\/v2\/media\/2840"}],"wp:attachment":[{"href":"https:\/\/site.ginex.es\/index.php\/wp-json\/wp\/v2\/media?parent=2941"}],"wp:term":[{"taxonomy":"product_cat","embeddable":true,"href":"https:\/\/site.ginex.es\/index.php\/wp-json\/wp\/v2\/product_cat?post=2941"},{"taxonomy":"product_tag","embeddable":true,"href":"https:\/\/site.ginex.es\/index.php\/wp-json\/wp\/v2\/product_tag?post=2941"}],"curies":[{"name":"wp","href":"https:\/\/api.w.org\/{rel}","templated":true}]}}